uppose u = 5*w - 77. What is the highest common divisor of w and 2?
2
Let s(j) = 23*j - 3. Let d be s(2). Suppose 165 = n - d. What is the greatest common divisor of n and 26?
26
Let t(u) = 2*u**2 + 4*u + 8. Let q be t(-10). Calculate the highest common divisor of 42 and q.
42
Suppose 0 = 5*l - 3*h + 1 - 144, -4*l + 113 = -h. Let x = 179 - 123. Calculate the highest common divisor of x and l.
28
Suppose -45 = 5*l - 0*l. Let t = l - -13. What is the greatest common factor of 28 and t?
4
Let b(s) = -7*s + 14. Let v be b(-10). What is the greatest common factor of 28 and v?
28
Suppose -5*i + 4*q = -224, i - 68 = -7*q + 2*q. Let z(x) = -x**3 + 7*x**2 - 3*x + 6. Let j be z(6). What is the greatest common divisor of j and i?
24
Let k(b) = -9*b**2 + 7. Let v(o) = o**2 - 1. Let p(a) = -k(a) - 6*v(a). Let s be p(3). Calculate the greatest common divisor of 65 and s.
13
Let d be 3 + 0 - (1 + 21). Let y = -8 - d. What is the greatest common factor of y and 22?
11
Let u(k) = 2*k**3 + 4*k**2 - 2*k - 5. Let b be u(-4). Let f be b/(-4) - 4/16. Calculate the highest common factor of 105 and f.
15
Let v be (-165859)/(-793) - -1*(-4)/26. Calculate the greatest common factor of v and 19.
19
Let n(b) = b**3 - 8*b**2 + 7*b + 12. Let o be n(7). What is the highest common factor of 60 and o?
12
Suppose 4*h + 2*k = 112, -4*h = -k - 3*k - 100. Let i = -25 + 43. Calculate the highest common factor of i and h.
9
Let q = 55 + -5. Calculate the greatest common factor of 50 and q.
50
Suppose -4*u = -5*f - 12 + 472, 0 = -3*f - 5*u + 313. Suppose -7*x = -2*x - 60. What is the highest common divisor of x and f?
12
Let v(l) = l**3 + 4*l**2 - 1. Let p = 15 + -11. Let y be v(p). Let w = y + -64. Calculate the highest common factor of w and 9.
9
Let w be (-3 + 4 - 3) + 79. Suppose 3*m - w - 133 = 0. What is the greatest common factor of 7 and m?
7
Suppose -9 = -2*b - 3, 0 = 4*z + 4*b - 32. Suppose z*u - 334 - 251 = 0. What is the highest common divisor of u and 13?
13
Let i be (2 + 2)/(2/24). Let m be 7 - ((-2)/(-11) - 18/(-22)). What is the highest common factor of m and i?
6
Let o be (88 - 0) + (-2 - -2). Calculate the highest common factor of o and 8.
8
Let o = 23 - 8. What is the greatest common factor of 30 and o?
15
Let v = -99 + 128. Suppose -780 = -3*x - 2*q + q, 5*x + q - 1302 = 0. What is the highest common factor of v and x?
29
Suppose 0 = -4*c + 736 - 76. Suppose -2*z + c = 3*z. What is the highest common divisor of z and 11?
11
Let g(y) = 2*y**2 + 0 - 2*y + 3 - 1. Let n be g(5). Let l = 12 + -6. What is the highest common factor of n and l?
6
Let f be 111/21 + (-4)/14. Let r(k) = -k**2 + 6*k + 1. Let l be r(f). What is the highest common factor of 6 and l?
6
Let n(p) = p + 5. Let z be n(-3). Let d be -1 + 4 - z/1. Let j be (-20)/8*16/(-5). What is the greatest common divisor of j and d?
1
Suppose 3*j = -6*w + 2*w + 119, -120 = -5*w + 2*j. What is the highest common divisor of w and 182?
26
Let o be 10/15 + (-73)/(-3). What is the greatest common factor of o and 200?
25
Suppose 3*l = -4*r + 64, -16 = -4*r + 3*r - 5*l. Calculate the highest common factor of 112 and r.
16
Suppose -k + 5*g - 31 = -4*k, 25 = 5*g. Calculate the highest common divisor of k and 4.
2
Suppose -2*o + 4*n = -4, -2*n - 6 = -3*o - 0*n. Calculate the highest common factor of o and 4.
2
Suppose -4*f - 12 + 92 = 4*t, 4*t + 70 = 2*f. What is the highest common factor of 10 and f?
5
Let o(w) be the second derivative of 2*w**3/3 - 7*w**2/2 - w. Let q be o(13). Suppose 0*u = -3*u + 54. Calculate the highest common factor of q and u.
9
Let w be 0 - (-1794)/66 - 6/33. Calculate the highest common divisor of w and 3.
3
Let k = 342 - 64. Let b be (-3)/(k/(-138) - -2). Suppose 5*v - 374 = v + 2*n, 3*n - b = -2*v. Calculate the greatest common factor of 12 and v.
12
Let x be ((-18)/7)/(24/(-224)). Let z = x - 8. What is the greatest common factor of z and 16?
16
Let h = -6 - -8. Let q = 17 + -40. Let p = -15 - q. What is the highest common factor of h and p?
2
Let c(v) = 3 + v**2 - 45*v**3 + 12*v**3 - 4 - 7*v**3. Let f be c(-1). Calculate the highest common factor of f and 20.
20
Suppose 0 = 5*h - t - 14 - 16, -h - 3*t = -22. Let b = 10 - h. Suppose -37 - 98 = -b*y. What is the highest common divisor of 15 and y?
15
Let a(h) = -13*h + 5. Let p be a(-7). Let g be (2/4)/((-2)/(-48)). Calculate the greatest common divisor of p and g.
12
Suppose 0 = -3*f - 5*q + 30, -2*q + 16 = 2*f - 0*q. Suppose 0*u = -3*u - 6, 0 = -4*o - f*u + 22. Calculate the highest common factor of 64 and o.
8
Suppose -3*d + 16 = d. Let q = -1 + d. Suppose s = 3*s - 4. Calculate the greatest common factor of q and s.
1
Let v(b) = b + 3. Let y be v(-6). Let u = -2 - y. Let k(g) = -g**2 - 8*g - 3. Let f be k(-6). What is the greatest common factor of f and u?
1
Let o = -88 - -264. Suppose -2*r - 25 = -5. Let y = r + 26. What is the highest common factor of y and o?
16
Let d be 52/72*8 + 4/18. Suppose 5*o - 65 = -2*q, 5*q - 151 = o - 2*o. What is the greatest common factor of q and d?
6
Let r(w) = 10*w - 4. Let i be r(6). Let q(j) = -5*j - 27. Let p be q(-7). Calculate the greatest common divisor of i and p.
8
Suppose -h - 3*z = 1, h - z - 10 - 9 = 0. Let u = -10 + h. Suppose 2*a = -2*n - a + 267, 0 = -u*n + 2*a + 494. Calculate the highest common divisor of n and 18.
18
Let x be (56/(-32))/((-2)/24). Calculate the greatest common divisor of 3 and x.
3
Let d be (6/15)/((-2)/(-70)). Suppose -d = -5*c + 1. Suppose -2*u = c*u - 165. What is the greatest common divisor of 11 and u?
11
Suppose -4*i = 2 + 2. Let z be i/3 - 50/(-6). Suppose z = 3*l - 2*l. What is the greatest common divisor of l and 40?
8
Let q(c) = -c**2 - 15*c - 1. Let l be q(-5). Calculate the greatest common divisor of 7 and l.
7
Suppose 0 = -d - 2*d + 120. Let y = 28 - 12. Calculate the highest common factor of y and d.
8
Suppose 6*d - 139 = 197. Calculate the highest common factor of d and 14.
14
Suppose -972 = -6*l - 0*l. Let i = 47 - 29. Calculate the highest common divisor of l and i.
18
Let d be ((-14)/(-3))/1 + 2/6. What is the highest common divisor of 15 and d?
5
Let z = 9 + -5. Suppose 2*h = -z*y + 56 - 14, -4*y = 4*h - 44. Suppose -2*d + 6*d - 40 = 0. Calculate the greatest common divisor of d and y.
10
Suppose 0 = 5*f - 171 - 279. Let g = 13 - -23. What is the highest common divisor of g and f?
18
Let v be 3 - -1 - (-1 + 1). Suppose -v*x + 5 = -3*x, 0 = 3*s - 3*x + 3. Calculate the greatest common divisor of 44 and s.
4
Let x be (-4)/(-6) + 320/6. Calculate the highest common divisor of x and 6.
6
Suppose -7*g + 11*g - 748 = 0. Let i = 3 - -14. Calculate the highest common factor of i and g.
17
Let d = 2 - 0. Suppose -2*f - 7 + 3 = 0, 3*a + d*f - 392 = 0. Let o be (-2)/(-3 - -1) - -11. Calculate the greatest common divisor of o and a.
12
Suppose -g = -0*g + 12. Let m = 6 - g. What is the greatest common divisor of m and 6?
6
Let k(m) = 8*m**3 - 1. Suppose -6 = -3*u - b, 2*u - 11 = -2*b - 3. Let n be k(u). Calculate the highest common divisor of n and 35.
7
Let g(t) = -18*t - 6. Let m be g(-2). What is the highest common divisor of m and 10?
10
Suppose 2 = -3*u - o - 0, -5*u + 4 = -2*o. Let c(a) = -3*a**2 + 3*a - 1. Let s be c(2). Let x = u - s. Calculate the greatest common divisor of 77 and x.
7
Suppose -5*h = -t + 3*t - 444, 0 = 5*t + 5*h - 1140. Calculate the greatest common factor of 29 and t.
29
Suppose i + 2*i - 351 = 0. Let p(t) = -2*t - 4. Let j be p(-3). Let s be 0/j - (-52)/4. What is the greatest common divisor of i and s?
13
Let f = -11 - -16. Suppose 4*l - 3 = f. Calculate the highest common factor of 2 and l.
2
Suppose -3*o = o - 228. Let j = o + 63. Calculate the highest common factor of 15 and j.
15
Suppose 5*h + 2*o - o = 176, 0 = 3*o + 12. What is the greatest common divisor of 4 and h?
4
Suppose -5*f = -0*f - 50. Suppose 2*z - 156 = 3*l, 0*z = -3*z - 2*l + 221. Suppose m + z = 6*m. What is the highest common factor of f and m?
5
Let n(p) = p**2 + 2*p + 6. Let g be 6 + -3 + (-1 - 6). Let f be n(g). What is the highest common factor of f and 42?
14
Let c be (-26)/(-2)*2/2. Suppose 2*z = -3*z + 130. What is the greatest common divisor of c and z?
13
Let u be (-3)/3 - -208*(-1 + 2). Calculate the highest common divisor of u and 23.
23
Let a be (3/((